{"id":823,"date":"2020-04-15T07:32:02","date_gmt":"2020-04-15T05:32:02","guid":{"rendered":"https:\/\/www.spnborek.ostnet.pl\/?page_id=823"},"modified":"2020-05-06T12:29:58","modified_gmt":"2020-05-06T10:29:58","slug":"nauczanie-zdalne-nauka-przez-zabawe","status":"publish","type":"page","link":"https:\/\/www.spnborek.ostnet.pl\/index.php\/nauczanie-zdalne-nauka-przez-zabawe\/","title":{"rendered":"Nauczanie zdalne &#8211; nauka przez zabaw\u0119"},"content":{"rendered":"<div>Drodzy uczniowie !<\/div>\n<div>Zach\u0119camy Was do wykonywania proponowanych przez nas \u0107wicze\u0144, kt\u00f3re doskonali\u0107 b\u0119d\u0105 Wasze r\u00f3\u017cne umiej\u0119tno\u015bci w tym: percepcj\u0119 wzrokow\u0105, pami\u0119\u0107, koncentracj\u0119 uwagi, umiej\u0119tno\u015bci grafomotoryczne. Niebawem znajdziecie tu r\u00f3wnie\u017c zestaw \u0142amig\u0142\u00f3wek i zagadek logicznych. Mamy nadziej\u0119, \u017ce \u0107wiczenia te pomog\u0105 Wam si\u0119 zrelaksowa\u0107 i b\u0119dziecie si\u0119 \u015bwietnie bawi\u0107.&nbsp;Powy\u017csze \u0107wiczenia s\u0105 tylko przyk\u0142adami. Na ich bazie mo\u017cecie tworzy\u0107 swoje w\u0142asne dostosowane do waszych potrzeb.<\/div>\n<div>&nbsp;<\/div>\n<div>Proponujemy Wam r\u00f3wnie\u017c zajrze\u0107 na ciekawe strony internetowe, kt\u00f3re oferuj\u0105 \u0107wiczenia online. Oto nasze propozycje:<\/div>\n<ul>\n<li><a href=\"http:\/\/www.matzoo.pl\/\" target=\"_blank\" rel=\"noopener noreferrer\" data-saferedirecturl=\"https:\/\/www.google.com\/url?q=http:\/\/www.matzoo.pl&amp;source=gmail&amp;ust=1586964468223000&amp;usg=AFQjCNGzlQ__T9F-JkcP7di42m3jKcfbww\">www.matzoo.pl<\/a><\/li>\n<li><a href=\"http:\/\/www.dyktanda.net\/\" target=\"_blank\" rel=\"noopener noreferrer\" data-saferedirecturl=\"https:\/\/www.google.com\/url?q=http:\/\/www.dyktanda.net&amp;source=gmail&amp;ust=1586964468223000&amp;usg=AFQjCNEEIMs4GNjxifAnUBLaAmE5COwsNA\">www.dyktanda.net<\/a><\/li>\n<li><a href=\"http:\/\/www.dyktanda.online\/\" target=\"_blank\" rel=\"noopener noreferrer\" data-saferedirecturl=\"https:\/\/www.google.com\/url?q=http:\/\/www.dyktanda.online&amp;source=gmail&amp;ust=1586964468223000&amp;usg=AFQjCNHXmgy529zAvMHic2RS2n5nf0rQ7w\">www.dyktanda.online<\/a><\/li>\n<li><a href=\"http:\/\/www.pisupisu.pl\/\" target=\"_blank\" rel=\"noopener noreferrer\" data-saferedirecturl=\"https:\/\/www.google.com\/url?q=http:\/\/www.pisupisu.pl&amp;source=gmail&amp;ust=1586964468223000&amp;usg=AFQjCNEzG9dCJbzIOfQsdL9AsueTWTFeKw\">www.pisupisu.pl<\/a><\/li>\n<li><a href=\"http:\/\/www.learningapps.org\/\" target=\"_blank\" rel=\"noopener noreferrer\" data-saferedirecturl=\"https:\/\/www.google.com\/url?q=http:\/\/www.learningapps.org&amp;source=gmail&amp;ust=1586964468223000&amp;usg=AFQjCNFUEcn1LQxkKeaeQwwB83DlilActQ\">www.learningapps.org<\/a><\/li>\n<li><a href=\"https:\/\/www.superkid.pl\/zagadki-wielkanoc\" target=\"_blank\" rel=\"noopener noreferrer\" data-saferedirecturl=\"https:\/\/www.google.com\/url?q=https:\/\/www.superkid.pl\/zagadki-wielkanoc&amp;source=gmail&amp;ust=1586964468224000&amp;usg=AFQjCNGxlOETn6hX0mfWP0pZtJJ-z0KCsw\">https:\/\/www.superkid.pl\/<wbr>zagadki-wielkanoc<\/a><\/li>\n<li><a href=\"https:\/\/learningapps.org\/2967065\" target=\"_blank\" rel=\"noopener noreferrer\" data-saferedirecturl=\"https:\/\/www.google.com\/url?q=https:\/\/learningapps.org\/2967065&amp;source=gmail&amp;ust=1586964468224000&amp;usg=AFQjCNHHAZxCYTsvhGyzrGBcDlTtZ_ibpA\">https:\/\/learningapps.org\/<wbr>2967065<\/a><\/li>\n<li><a href=\"https:\/\/learningapps.org\/9282403\" target=\"_blank\" rel=\"noopener noreferrer\" data-saferedirecturl=\"https:\/\/www.google.com\/url?q=https:\/\/learningapps.org\/9282403&amp;source=gmail&amp;ust=1586964468224000&amp;usg=AFQjCNHS8OR8CGoPlS9fpaIpjwFmGFlWLw\">https:\/\/learningapps.org\/<wbr>9282403<\/a><\/li>\n<li><a href=\"https:\/\/learningapps.org\/display?v=pgd19ckin01\" target=\"_blank\" rel=\"noopener noreferrer\" data-saferedirecturl=\"https:\/\/www.google.com\/url?q=https:\/\/learningapps.org\/display?v%3Dpgd19ckin01&amp;source=gmail&amp;ust=1586964468224000&amp;usg=AFQjCNHv_uqfbyTCBqTaHcPNMQlQIL1v4w\">https:\/\/learningapps.org\/<wbr>display?v=pgd19ckin01<\/a><\/li>\n<li><a href=\"https:\/\/learningapps.org\/3248147\" target=\"_blank\" rel=\"noopener noreferrer\" data-saferedirecturl=\"https:\/\/www.google.com\/url?q=https:\/\/learningapps.org\/3248147&amp;source=gmail&amp;ust=1586964468224000&amp;usg=AFQjCNFWiXRH9GGTwGTYRK_jItfcezpinQ\">https:\/\/learningapps.org\/<wbr>3248147<\/a><\/li>\n<li><a href=\"https:\/\/learningapps.org\/6630418\" target=\"_blank\" rel=\"noopener noreferrer\" data-saferedirecturl=\"https:\/\/www.google.com\/url?q=https:\/\/learningapps.org\/6630418&amp;source=gmail&amp;ust=1586964468224000&amp;usg=AFQjCNEdB3krzokCQiPHLQXRaCMaBpvxWw\">https:\/\/learningapps.org\/<wbr>6630418<\/a><\/li>\n<li><a href=\"https:\/\/www.spnborek.ostnet.pl\/wp-content\/uploads\/2020\/04\/percepcka-wzrokowa-zestaw-I.pdf\">Percepcja wzrokowa<\/a><\/li>\n<li><a href=\"https:\/\/www.spnborek.ostnet.pl\/wp-content\/uploads\/2020\/04\/koncentracja-uwagi-zestaw-I.pdf\">Koncentracja uwagi<\/a><\/li>\n<li><a href=\"https:\/\/www.spnborek.ostnet.pl\/wp-content\/uploads\/2020\/04\/z1.pdf\">Zadanie 1<\/a><\/li>\n<li><a href=\"https:\/\/www.spnborek.ostnet.pl\/wp-content\/uploads\/2020\/04\/z2.pdf\">Zadanie 2<\/a><\/li>\n<li><a href=\"https:\/\/www.spnborek.ostnet.pl\/wp-content\/uploads\/2020\/04\/z3.pdf\">Zadanie 3<\/a><\/li>\n<li><a href=\"https:\/\/www.spnborek.ostnet.pl\/wp-content\/uploads\/2020\/04\/z4.pdf\">Zadanie 4<\/a><\/li>\n<li><a href=\"https:\/\/www.spnborek.ostnet.pl\/wp-content\/uploads\/2020\/04\/5.pdf\">Zadanie 5<\/a><\/li>\n<li><a href=\"https:\/\/www.spnborek.ostnet.pl\/wp-content\/uploads\/2020\/04\/6.pdf\">Zadanie 6<\/a><\/li>\n<li><a href=\"https:\/\/www.spnborek.ostnet.pl\/wp-content\/uploads\/2020\/04\/7.pdf\">Zadanie 7<\/a><\/li>\n<li><a href=\"https:\/\/www.spnborek.ostnet.pl\/wp-content\/uploads\/2020\/04\/koncentracja-uwagi2.pdf\">Koncentracja uwagi &#8211; zestaw 2<\/a><\/li>\n<li><a href=\"https:\/\/www.spnborek.ostnet.pl\/wp-content\/uploads\/2020\/04\/Percepcja-wzrokowa2.pdf\">Percepcja wzrokowa &#8211; zestaw 2<\/a><\/li>\n<li><a href=\"https:\/\/www.spnborek.ostnet.pl\/wp-content\/uploads\/2020\/04\/Rymowanki-zgadywanki-zestaw-I.pdf\">Rymowanki-zgadywanki zestaw I<\/a><\/li>\n<li><a href=\"https:\/\/www.spnborek.ostnet.pl\/wp-content\/uploads\/2020\/05\/\u0141amig\u0142\u00f3wki-ortograficzne-i-j\u0119zykowe-zestaw-I.pdf\">\u0141amig\u0142\u00f3wki ortograficzne i j\u0119zykowe &#8211; zestaw I<\/a><\/li>\n<li><a href=\"https:\/\/www.spnborek.ostnet.pl\/wp-content\/uploads\/2020\/05\/Czytanie-ze-zrozumieniem-zestaw-I.pdf\">Czytanie ze zrozumieniem- zestaw I<\/a><\/li>\n<\/ul>\n<div>&nbsp;<\/div>\n<div>&nbsp;<\/div>\n<div>Mi\u0142ej zabawy<\/div>\n<div><em>Magdalena Barty\u0144ska &#8211; pedagog szkolny<\/em><\/div>\n<div><em>Rafa\u0142 Gajor- psycholog szkolny<\/em><\/div>\n","protected":false},"excerpt":{"rendered":"<p>Drodzy uczniowie ! Zach\u0119camy Was do wykonywania proponowanych przez nas \u0107wicze\u0144, kt\u00f3re doskonali\u0107 b\u0119d\u0105 Wasze r\u00f3\u017cne umiej\u0119tno\u015bci w tym: percepcj\u0119 wzrokow\u0105, pami\u0119\u0107, koncentracj\u0119 uwagi, umiej\u0119tno\u015bci grafomotoryczne. Niebawem znajdziecie tu r\u00f3wnie\u017c zestaw \u0142amig\u0142\u00f3wek i zagadek logicznych. Mamy nadziej\u0119, \u017ce \u0107wiczenia te pomog\u0105 Wam si\u0119 zrelaksowa\u0107 i b\u0119dziecie si\u0119 \u015bwietnie bawi\u0107.&nbsp;Powy\u017csze \u0107wiczenia s\u0105 tylko przyk\u0142adami. Na ich [&hellip;]<\/p>\n","protected":false},"author":1,"featured_media":0,"parent":0,"menu_order":0,"comment_status":"closed","ping_status":"closed","template":"","meta":{"ngg_post_thumbnail":0,"footnotes":""},"class_list":["post-823","page","type-page","status-publish","hentry"],"yoast_head":"<!-- This site is optimized with the Yoast SEO plugin v22.5 - https:\/\/yoast.com\/wordpress\/plugins\/seo\/ -->\n<title>Nauczanie zdalne - nauka przez zabaw\u0119 - Szko\u0142a Podstawowa w Nowym Borku<\/title>\n<meta name=\"robots\" content=\"index, follow, max-snippet:-1, max-image-preview:large, max-video-preview:-1\" \/>\n<link rel=\"canonical\" href=\"https:\/\/www.spnborek.ostnet.pl\/index.php\/nauczanie-zdalne-nauka-przez-zabawe\/\" \/>\n<meta property=\"og:locale\" content=\"pl_PL\" \/>\n<meta property=\"og:type\" content=\"article\" \/>\n<meta property=\"og:title\" content=\"Nauczanie zdalne - nauka przez zabaw\u0119 - Szko\u0142a Podstawowa w Nowym Borku\" \/>\n<meta property=\"og:description\" content=\"Drodzy uczniowie ! Zach\u0119camy Was do wykonywania proponowanych przez nas \u0107wicze\u0144, kt\u00f3re doskonali\u0107 b\u0119d\u0105 Wasze r\u00f3\u017cne umiej\u0119tno\u015bci w tym: percepcj\u0119 wzrokow\u0105, pami\u0119\u0107, koncentracj\u0119 uwagi, umiej\u0119tno\u015bci grafomotoryczne. Niebawem znajdziecie tu r\u00f3wnie\u017c zestaw \u0142amig\u0142\u00f3wek i zagadek logicznych. Mamy nadziej\u0119, \u017ce \u0107wiczenia te pomog\u0105 Wam si\u0119 zrelaksowa\u0107 i b\u0119dziecie si\u0119 \u015bwietnie bawi\u0107.&nbsp;Powy\u017csze \u0107wiczenia s\u0105 tylko przyk\u0142adami. Na ich [&hellip;]\" \/>\n<meta property=\"og:url\" content=\"https:\/\/www.spnborek.ostnet.pl\/index.php\/nauczanie-zdalne-nauka-przez-zabawe\/\" \/>\n<meta property=\"og:site_name\" content=\"Szko\u0142a Podstawowa w Nowym Borku\" \/>\n<meta property=\"article:publisher\" content=\"https:\/\/www.facebook.com\/SzkolaPodstawowawNowymBorku\/\" \/>\n<meta property=\"article:modified_time\" content=\"2020-05-06T10:29:58+00:00\" \/>\n<meta name=\"twitter:card\" content=\"summary_large_image\" \/>\n<meta name=\"twitter:label1\" content=\"Szacowany czas czytania\" \/>\n\t<meta name=\"twitter:data1\" content=\"1 minuta\" \/>\n<script type=\"application\/ld+json\" class=\"yoast-schema-graph\">{\"@context\":\"https:\/\/schema.org\",\"@graph\":[{\"@type\":\"WebPage\",\"@id\":\"https:\/\/www.spnborek.ostnet.pl\/index.php\/nauczanie-zdalne-nauka-przez-zabawe\/\",\"url\":\"https:\/\/www.spnborek.ostnet.pl\/index.php\/nauczanie-zdalne-nauka-przez-zabawe\/\",\"name\":\"Nauczanie zdalne - nauka przez zabaw\u0119 - Szko\u0142a Podstawowa w Nowym Borku\",\"isPartOf\":{\"@id\":\"https:\/\/www.spnborek.ostnet.pl\/#website\"},\"datePublished\":\"2020-04-15T05:32:02+00:00\",\"dateModified\":\"2020-05-06T10:29:58+00:00\",\"breadcrumb\":{\"@id\":\"https:\/\/www.spnborek.ostnet.pl\/index.php\/nauczanie-zdalne-nauka-przez-zabawe\/#breadcrumb\"},\"inLanguage\":\"pl-PL\",\"potentialAction\":[{\"@type\":\"ReadAction\",\"target\":[\"https:\/\/www.spnborek.ostnet.pl\/index.php\/nauczanie-zdalne-nauka-przez-zabawe\/\"]}]},{\"@type\":\"BreadcrumbList\",\"@id\":\"https:\/\/www.spnborek.ostnet.pl\/index.php\/nauczanie-zdalne-nauka-przez-zabawe\/#breadcrumb\",\"itemListElement\":[{\"@type\":\"ListItem\",\"position\":1,\"name\":\"Strona g\u0142\u00f3wna\",\"item\":\"https:\/\/www.spnborek.ostnet.pl\/\"},{\"@type\":\"ListItem\",\"position\":2,\"name\":\"Nauczanie zdalne &#8211; nauka przez zabaw\u0119\"}]},{\"@type\":\"WebSite\",\"@id\":\"https:\/\/www.spnborek.ostnet.pl\/#website\",\"url\":\"https:\/\/www.spnborek.ostnet.pl\/\",\"name\":\"Szko\u0142a Podstawowa w Nowym Borku\",\"description\":\"Szko\u0142a Podstawowa w Nowym Borku im. gen. bryg. Mieczys\u0142awa Boruty-Spiechowicza\",\"publisher\":{\"@id\":\"https:\/\/www.spnborek.ostnet.pl\/#organization\"},\"potentialAction\":[{\"@type\":\"SearchAction\",\"target\":{\"@type\":\"EntryPoint\",\"urlTemplate\":\"https:\/\/www.spnborek.ostnet.pl\/?s={search_term_string}\"},\"query-input\":\"required name=search_term_string\"}],\"inLanguage\":\"pl-PL\"},{\"@type\":\"Organization\",\"@id\":\"https:\/\/www.spnborek.ostnet.pl\/#organization\",\"name\":\"Szko\u0142a Podstawowa w Nowym Borku\",\"url\":\"https:\/\/www.spnborek.ostnet.pl\/\",\"logo\":{\"@type\":\"ImageObject\",\"inLanguage\":\"pl-PL\",\"@id\":\"https:\/\/www.spnborek.ostnet.pl\/#\/schema\/logo\/image\/\",\"url\":\"https:\/\/www.spnborek.ostnet.pl\/wp-content\/uploads\/2020\/01\/logo-2-e1579378838968.png\",\"contentUrl\":\"https:\/\/www.spnborek.ostnet.pl\/wp-content\/uploads\/2020\/01\/logo-2-e1579378838968.png\",\"width\":80,\"height\":75,\"caption\":\"Szko\u0142a Podstawowa w Nowym Borku\"},\"image\":{\"@id\":\"https:\/\/www.spnborek.ostnet.pl\/#\/schema\/logo\/image\/\"},\"sameAs\":[\"https:\/\/www.facebook.com\/SzkolaPodstawowawNowymBorku\/\"]}]}<\/script>\n<!-- \/ Yoast SEO plugin. -->","yoast_head_json":{"title":"Nauczanie zdalne - nauka przez zabaw\u0119 - Szko\u0142a Podstawowa w Nowym Borku","robots":{"index":"index","follow":"follow","max-snippet":"max-snippet:-1","max-image-preview":"max-image-preview:large","max-video-preview":"max-video-preview:-1"},"canonical":"https:\/\/www.spnborek.ostnet.pl\/index.php\/nauczanie-zdalne-nauka-przez-zabawe\/","og_locale":"pl_PL","og_type":"article","og_title":"Nauczanie zdalne - nauka przez zabaw\u0119 - Szko\u0142a Podstawowa w Nowym Borku","og_description":"Drodzy uczniowie ! Zach\u0119camy Was do wykonywania proponowanych przez nas \u0107wicze\u0144, kt\u00f3re doskonali\u0107 b\u0119d\u0105 Wasze r\u00f3\u017cne umiej\u0119tno\u015bci w tym: percepcj\u0119 wzrokow\u0105, pami\u0119\u0107, koncentracj\u0119 uwagi, umiej\u0119tno\u015bci grafomotoryczne. Niebawem znajdziecie tu r\u00f3wnie\u017c zestaw \u0142amig\u0142\u00f3wek i zagadek logicznych. Mamy nadziej\u0119, \u017ce \u0107wiczenia te pomog\u0105 Wam si\u0119 zrelaksowa\u0107 i b\u0119dziecie si\u0119 \u015bwietnie bawi\u0107.&nbsp;Powy\u017csze \u0107wiczenia s\u0105 tylko przyk\u0142adami. Na ich [&hellip;]","og_url":"https:\/\/www.spnborek.ostnet.pl\/index.php\/nauczanie-zdalne-nauka-przez-zabawe\/","og_site_name":"Szko\u0142a Podstawowa w Nowym Borku","article_publisher":"https:\/\/www.facebook.com\/SzkolaPodstawowawNowymBorku\/","article_modified_time":"2020-05-06T10:29:58+00:00","twitter_card":"summary_large_image","twitter_misc":{"Szacowany czas czytania":"1 minuta"},"schema":{"@context":"https:\/\/schema.org","@graph":[{"@type":"WebPage","@id":"https:\/\/www.spnborek.ostnet.pl\/index.php\/nauczanie-zdalne-nauka-przez-zabawe\/","url":"https:\/\/www.spnborek.ostnet.pl\/index.php\/nauczanie-zdalne-nauka-przez-zabawe\/","name":"Nauczanie zdalne - nauka przez zabaw\u0119 - Szko\u0142a Podstawowa w Nowym Borku","isPartOf":{"@id":"https:\/\/www.spnborek.ostnet.pl\/#website"},"datePublished":"2020-04-15T05:32:02+00:00","dateModified":"2020-05-06T10:29:58+00:00","breadcrumb":{"@id":"https:\/\/www.spnborek.ostnet.pl\/index.php\/nauczanie-zdalne-nauka-przez-zabawe\/#breadcrumb"},"inLanguage":"pl-PL","potentialAction":[{"@type":"ReadAction","target":["https:\/\/www.spnborek.ostnet.pl\/index.php\/nauczanie-zdalne-nauka-przez-zabawe\/"]}]},{"@type":"BreadcrumbList","@id":"https:\/\/www.spnborek.ostnet.pl\/index.php\/nauczanie-zdalne-nauka-przez-zabawe\/#breadcrumb","itemListElement":[{"@type":"ListItem","position":1,"name":"Strona g\u0142\u00f3wna","item":"https:\/\/www.spnborek.ostnet.pl\/"},{"@type":"ListItem","position":2,"name":"Nauczanie zdalne &#8211; nauka przez zabaw\u0119"}]},{"@type":"WebSite","@id":"https:\/\/www.spnborek.ostnet.pl\/#website","url":"https:\/\/www.spnborek.ostnet.pl\/","name":"Szko\u0142a Podstawowa w Nowym Borku","description":"Szko\u0142a Podstawowa w Nowym Borku im. gen. bryg. Mieczys\u0142awa Boruty-Spiechowicza","publisher":{"@id":"https:\/\/www.spnborek.ostnet.pl\/#organization"},"potentialAction":[{"@type":"SearchAction","target":{"@type":"EntryPoint","urlTemplate":"https:\/\/www.spnborek.ostnet.pl\/?s={search_term_string}"},"query-input":"required name=search_term_string"}],"inLanguage":"pl-PL"},{"@type":"Organization","@id":"https:\/\/www.spnborek.ostnet.pl\/#organization","name":"Szko\u0142a Podstawowa w Nowym Borku","url":"https:\/\/www.spnborek.ostnet.pl\/","logo":{"@type":"ImageObject","inLanguage":"pl-PL","@id":"https:\/\/www.spnborek.ostnet.pl\/#\/schema\/logo\/image\/","url":"https:\/\/www.spnborek.ostnet.pl\/wp-content\/uploads\/2020\/01\/logo-2-e1579378838968.png","contentUrl":"https:\/\/www.spnborek.ostnet.pl\/wp-content\/uploads\/2020\/01\/logo-2-e1579378838968.png","width":80,"height":75,"caption":"Szko\u0142a Podstawowa w Nowym Borku"},"image":{"@id":"https:\/\/www.spnborek.ostnet.pl\/#\/schema\/logo\/image\/"},"sameAs":["https:\/\/www.facebook.com\/SzkolaPodstawowawNowymBorku\/"]}]}},"_links":{"self":[{"href":"https:\/\/www.spnborek.ostnet.pl\/index.php\/wp-json\/wp\/v2\/pages\/823","targetHints":{"allow":["GET"]}}],"collection":[{"href":"https:\/\/www.spnborek.ostnet.pl\/index.php\/wp-json\/wp\/v2\/pages"}],"about":[{"href":"https:\/\/www.spnborek.ostnet.pl\/index.php\/wp-json\/wp\/v2\/types\/page"}],"author":[{"embeddable":true,"href":"https:\/\/www.spnborek.ostnet.pl\/index.php\/wp-json\/wp\/v2\/users\/1"}],"replies":[{"embeddable":true,"href":"https:\/\/www.spnborek.ostnet.pl\/index.php\/wp-json\/wp\/v2\/comments?post=823"}],"version-history":[{"count":19,"href":"https:\/\/www.spnborek.ostnet.pl\/index.php\/wp-json\/wp\/v2\/pages\/823\/revisions"}],"predecessor-version":[{"id":973,"href":"https:\/\/www.spnborek.ostnet.pl\/index.php\/wp-json\/wp\/v2\/pages\/823\/revisions\/973"}],"wp:attachment":[{"href":"https:\/\/www.spnborek.ostnet.pl\/index.php\/wp-json\/wp\/v2\/media?parent=823"}],"curies":[{"name":"wp","href":"https:\/\/api.w.org\/{rel}","templated":true}]}}