{"id":53,"date":"2020-01-17T22:32:20","date_gmt":"2020-01-17T21:32:20","guid":{"rendered":"https:\/\/www.spnborek.ostnet.pl\/?page_id=53"},"modified":"2025-09-01T22:56:14","modified_gmt":"2025-09-01T20:56:14","slug":"53-2","status":"publish","type":"page","link":"https:\/\/www.spnborek.ostnet.pl\/index.php\/53-2\/","title":{"rendered":"Grono Pedagogiczne"},"content":{"rendered":"<p style=\"text-align: center;\"><span style=\"color: #3366ff;\"><strong><span style=\"color: #1e73be;\">Wychowawcy klas<\/span><br \/>\n<\/strong><\/span>Wychowanie przedszkolne &#8211; mgr Barbara Kochanowicz&nbsp;<br \/>\nKlasa I&nbsp; &#8211; mgr Weronika Baran<br \/>\nKlasa II &#8211; mgr Iwona Pociask<br \/>\nKlasa III &#8211; mgr Agnieszka Lech<br \/>\nKlasa IV &#8211; mgr Edyta S\u0142owik<br \/>\nKlasa V &#8211; mgr Agnieszka Pietrucha<br \/>\nKlasa VI &#8211; mgr Krystyna Sowa<br \/>\nKlasa VII &#8211; mgr Barbara Urban<br \/>\nKlasa VIII &#8211; mgr Krystyna Brz\u0119k<\/p>\n<p style=\"text-align: center;\"><span style=\"color: #3366ff;\"><strong><span style=\"color: #1e73be;\">Edukacja wczesnoszkolna<\/span><br \/>\n<\/strong><\/span>mgr Weronika Baran<br \/>\nmgr Iwona Pociask<br \/>\nmgr Agnieszka Lech<\/p>\n<p style=\"text-align: center;\"><span style=\"color: #3366ff;\"><strong><span style=\"color: #1e73be;\">Religia<\/span><br \/>\n<\/strong><\/span>ks. mgr Piotr Zawadzki<\/p>\n<p style=\"text-align: center;\"><span style=\"color: #3366ff;\"><strong><span style=\"color: #1e73be;\">J\u0119zyk polski<\/span><br \/>\n<\/strong><\/span>mgr Barbara Urban<br \/>\nmgr Agata \u015aliwa&nbsp;<br \/>\nmgr Zofia Wysocka<\/p>\n<p style=\"text-align: center;\"><span style=\"color: #3366ff;\"><strong><span style=\"color: #1e73be;\">J\u0119zyk angielski<\/span><br \/>\n<\/strong><\/span>mgr Agnieszka Pietrucha<br \/>\nmgr Joanna Mita\u0142<br \/>\nmgr Marzena Kruczek<\/p>\n<p style=\"text-align: center;\"><span style=\"color: #1e73be;\"><strong>J\u0119zyk niemiecki<\/strong><\/span><br \/>\nmgr Urszula Toczek<\/p>\n<p style=\"text-align: center;\"><span style=\"color: #1e73be;\"><strong>Historia<\/strong><\/span><br \/>\nmgr Krystyna Brz\u0119k<br \/>\nmgr Jolanta Szczepan<\/p>\n<p style=\"text-align: center;\"><span style=\"color: #1e73be;\"><strong>Matematyka<\/strong><\/span><br \/>\nmgr Magdalena Kociubi\u0144ska<\/p>\n<p style=\"text-align: center;\"><span style=\"color: #1e73be;\"><strong>Biologia<\/strong><\/span><br \/>\nmgr Edyta S\u0142owik<\/p>\n<p style=\"text-align: center;\"><span style=\"color: #1e73be;\"><strong>Geografia<\/strong><\/span><br \/>\nmgr Krystyna Brz\u0119k<\/p>\n<p style=\"text-align: center;\"><span style=\"color: #1e73be;\"><strong>Chemia<\/strong><\/span><br \/>\nmgr Edyta S\u0142owik<br \/>\nmgr Magdalena Kociubi\u0144ska<\/p>\n<p style=\"text-align: center;\"><span style=\"color: #1e73be;\"><strong>Fizyka<\/strong><\/span><br \/>\nmgr Jacek Wantu\u0142a<\/p>\n<p style=\"text-align: center;\"><span style=\"color: #1e73be;\"><strong>Przyroda<\/strong><\/span><br \/>\nmgr Jolanta Szczepan<\/p>\n<p style=\"text-align: center;\"><span style=\"color: #1e73be;\"><strong>Informatyka<\/strong><\/span><br \/>\nmgr Jolanta Szczepan<br \/>\nmgr Ewa Stec<\/p>\n<p style=\"text-align: center;\"><span style=\"color: #1e73be;\"><strong>Technika<\/strong><\/span><br \/>\nmgr Ewa Stec<\/p>\n<p style=\"text-align: center;\"><span style=\"color: #1e73be;\"><strong>Plastyka<\/strong><\/span><br \/>\nmgr Lucyna Baj<\/p>\n<p style=\"text-align: center;\"><span style=\"color: #1e73be;\"><strong>Edukacja dla bezpiecze\u0144stwa<\/strong><\/span><br \/>\nmgr Sebastian Kowal<\/p>\n<p style=\"text-align: center;\"><span style=\"color: #1e73be;\"><strong>Wiedza o spo\u0142ecze\u0144stwie<\/strong><\/span><br \/>\nmgr Krystyna Brz\u0119k<\/p>\n<p style=\"text-align: center;\"><span style=\"color: #1e73be;\"><strong>Wychowanie do \u017cycia w rodzinie<\/strong><\/span><br \/>\nmgr Edyta S\u0142owik<\/p>\n<p style=\"text-align: center;\"><span style=\"color: #1e73be;\"><strong>Wychowanie fizyczne<\/strong><\/span><br \/>\nmgr Krystyna Sowa<\/p>\n<p style=\"text-align: center;\"><span style=\"color: #1e73be;\"><strong>Doradztwo zawodowe<\/strong><\/span><br \/>\nmgr Katarzyna Sowa<\/p>\n<p style=\"text-align: center;\"><span style=\"color: #3366ff;\"><strong><span style=\"color: #1e73be;\">Nauczyciel wsp\u00f3\u0142organizuj\u0105cy kszta\u0142cenie<\/span><br \/>\n<\/strong><\/span>mgr Sylwia Sebzda<br \/>\nmgr Rafa\u0142 Gajor<br \/>\nmgr Marzena Kruczek<br \/>\nmgr Alicja Stegi\u0144ska<br \/>\nmgr Karolina Zabawa<\/p>\n<p style=\"text-align: center;\"><span style=\"color: #1e73be;\"><strong>Opieka \u015bwietlicowa<\/strong><\/span><br \/>\nmgr Edyta S\u0142owik<br \/>\nmgr Lucyna Baj<br \/>\nmgr Barbara Kochanowicz&nbsp;<br \/>\nmgr Weronika Baran<\/p>\n<p style=\"text-align: center;\"><span style=\"color: #3366ff;\"><strong><span style=\"color: #1e73be;\">Pedagog<\/span><\/strong><\/span><br \/>\nmgr Lucyna Baj<\/p>\n<p style=\"text-align: center;\"><span style=\"color: #3366ff;\"><strong><span style=\"color: #1e73be;\">Pedagog specjalny<\/span><br \/>\n<\/strong><\/span>mgr Natalia Trzyna<br \/>\nmgr Katarzyna Bilik<br \/>\nmgr Joanna Mita\u0142<\/p>\n<p style=\"text-align: center;\"><span style=\"color: #1e73be;\"><strong>Psycholog<\/strong><\/span><br \/>\nmgr Rafa\u0142 Gajor<\/p>\n<p style=\"text-align: center;\"><span style=\"color: #1e73be;\"><strong>Logopeda<\/strong><\/span><br \/>\nmgr Katarzyna Bilik<br \/>\nmgr Weronika Baran<\/p>\n<p style=\"text-align: center;\"><span style=\"color: #1e73be;\"><strong>Terapia ruchowa<\/strong><\/span><br \/>\nmgr Sebastian Kowal<\/p>\n<p style=\"text-align: center;\">&nbsp;<\/p>\n","protected":false},"excerpt":{"rendered":"<p>Wychowawcy klas Wychowanie przedszkolne &#8211; mgr Barbara Kochanowicz&nbsp; Klasa I&nbsp; &#8211; mgr Weronika Baran Klasa II &#8211; mgr Iwona Pociask Klasa III &#8211; mgr Agnieszka Lech Klasa IV &#8211; mgr Edyta S\u0142owik Klasa V &#8211; mgr Agnieszka Pietrucha Klasa VI &#8211; mgr Krystyna Sowa Klasa VII &#8211; mgr Barbara Urban Klasa VIII &#8211; mgr Krystyna [&hellip;]<\/p>\n","protected":false},"author":1,"featured_media":0,"parent":0,"menu_order":0,"comment_status":"closed","ping_status":"closed","template":"","meta":{"ngg_post_thumbnail":0,"footnotes":""},"class_list":["post-53","page","type-page","status-publish","hentry"],"yoast_head":"<!-- This site is optimized with the Yoast SEO plugin v22.5 - https:\/\/yoast.com\/wordpress\/plugins\/seo\/ -->\n<title>Grono Pedagogiczne - Szko\u0142a Podstawowa w Nowym Borku<\/title>\n<meta name=\"robots\" content=\"index, follow, max-snippet:-1, max-image-preview:large, max-video-preview:-1\" \/>\n<link rel=\"canonical\" href=\"https:\/\/www.spnborek.ostnet.pl\/index.php\/53-2\/\" \/>\n<meta property=\"og:locale\" content=\"pl_PL\" \/>\n<meta property=\"og:type\" content=\"article\" \/>\n<meta property=\"og:title\" content=\"Grono Pedagogiczne - Szko\u0142a Podstawowa w Nowym Borku\" \/>\n<meta property=\"og:description\" content=\"Wychowawcy klas Wychowanie przedszkolne &#8211; mgr Barbara Kochanowicz&nbsp; Klasa I&nbsp; &#8211; mgr Weronika Baran Klasa II &#8211; mgr Iwona Pociask Klasa III &#8211; mgr Agnieszka Lech Klasa IV &#8211; mgr Edyta S\u0142owik Klasa V &#8211; mgr Agnieszka Pietrucha Klasa VI &#8211; mgr Krystyna Sowa Klasa VII &#8211; mgr Barbara Urban Klasa VIII &#8211; mgr Krystyna [&hellip;]\" \/>\n<meta property=\"og:url\" content=\"https:\/\/www.spnborek.ostnet.pl\/index.php\/53-2\/\" \/>\n<meta property=\"og:site_name\" content=\"Szko\u0142a Podstawowa w Nowym Borku\" \/>\n<meta property=\"article:publisher\" content=\"https:\/\/www.facebook.com\/SzkolaPodstawowawNowymBorku\/\" \/>\n<meta property=\"article:modified_time\" content=\"2025-09-01T20:56:14+00:00\" \/>\n<meta name=\"twitter:card\" content=\"summary_large_image\" \/>\n<meta name=\"twitter:label1\" content=\"Szacowany czas czytania\" \/>\n\t<meta name=\"twitter:data1\" content=\"2 minuty\" \/>\n<script type=\"application\/ld+json\" class=\"yoast-schema-graph\">{\"@context\":\"https:\/\/schema.org\",\"@graph\":[{\"@type\":\"WebPage\",\"@id\":\"https:\/\/www.spnborek.ostnet.pl\/index.php\/53-2\/\",\"url\":\"https:\/\/www.spnborek.ostnet.pl\/index.php\/53-2\/\",\"name\":\"Grono Pedagogiczne - Szko\u0142a Podstawowa w Nowym Borku\",\"isPartOf\":{\"@id\":\"https:\/\/www.spnborek.ostnet.pl\/#website\"},\"datePublished\":\"2020-01-17T21:32:20+00:00\",\"dateModified\":\"2025-09-01T20:56:14+00:00\",\"breadcrumb\":{\"@id\":\"https:\/\/www.spnborek.ostnet.pl\/index.php\/53-2\/#breadcrumb\"},\"inLanguage\":\"pl-PL\",\"potentialAction\":[{\"@type\":\"ReadAction\",\"target\":[\"https:\/\/www.spnborek.ostnet.pl\/index.php\/53-2\/\"]}]},{\"@type\":\"BreadcrumbList\",\"@id\":\"https:\/\/www.spnborek.ostnet.pl\/index.php\/53-2\/#breadcrumb\",\"itemListElement\":[{\"@type\":\"ListItem\",\"position\":1,\"name\":\"Strona g\u0142\u00f3wna\",\"item\":\"https:\/\/www.spnborek.ostnet.pl\/\"},{\"@type\":\"ListItem\",\"position\":2,\"name\":\"Grono Pedagogiczne\"}]},{\"@type\":\"WebSite\",\"@id\":\"https:\/\/www.spnborek.ostnet.pl\/#website\",\"url\":\"https:\/\/www.spnborek.ostnet.pl\/\",\"name\":\"Szko\u0142a Podstawowa w Nowym Borku\",\"description\":\"Szko\u0142a Podstawowa w Nowym Borku im. gen. bryg. Mieczys\u0142awa Boruty-Spiechowicza\",\"publisher\":{\"@id\":\"https:\/\/www.spnborek.ostnet.pl\/#organization\"},\"potentialAction\":[{\"@type\":\"SearchAction\",\"target\":{\"@type\":\"EntryPoint\",\"urlTemplate\":\"https:\/\/www.spnborek.ostnet.pl\/?s={search_term_string}\"},\"query-input\":\"required name=search_term_string\"}],\"inLanguage\":\"pl-PL\"},{\"@type\":\"Organization\",\"@id\":\"https:\/\/www.spnborek.ostnet.pl\/#organization\",\"name\":\"Szko\u0142a Podstawowa w Nowym Borku\",\"url\":\"https:\/\/www.spnborek.ostnet.pl\/\",\"logo\":{\"@type\":\"ImageObject\",\"inLanguage\":\"pl-PL\",\"@id\":\"https:\/\/www.spnborek.ostnet.pl\/#\/schema\/logo\/image\/\",\"url\":\"https:\/\/www.spnborek.ostnet.pl\/wp-content\/uploads\/2020\/01\/logo-2-e1579378838968.png\",\"contentUrl\":\"https:\/\/www.spnborek.ostnet.pl\/wp-content\/uploads\/2020\/01\/logo-2-e1579378838968.png\",\"width\":80,\"height\":75,\"caption\":\"Szko\u0142a Podstawowa w Nowym Borku\"},\"image\":{\"@id\":\"https:\/\/www.spnborek.ostnet.pl\/#\/schema\/logo\/image\/\"},\"sameAs\":[\"https:\/\/www.facebook.com\/SzkolaPodstawowawNowymBorku\/\"]}]}<\/script>\n<!-- \/ Yoast SEO plugin. -->","yoast_head_json":{"title":"Grono Pedagogiczne - Szko\u0142a Podstawowa w Nowym Borku","robots":{"index":"index","follow":"follow","max-snippet":"max-snippet:-1","max-image-preview":"max-image-preview:large","max-video-preview":"max-video-preview:-1"},"canonical":"https:\/\/www.spnborek.ostnet.pl\/index.php\/53-2\/","og_locale":"pl_PL","og_type":"article","og_title":"Grono Pedagogiczne - Szko\u0142a Podstawowa w Nowym Borku","og_description":"Wychowawcy klas Wychowanie przedszkolne &#8211; mgr Barbara Kochanowicz&nbsp; Klasa I&nbsp; &#8211; mgr Weronika Baran Klasa II &#8211; mgr Iwona Pociask Klasa III &#8211; mgr Agnieszka Lech Klasa IV &#8211; mgr Edyta S\u0142owik Klasa V &#8211; mgr Agnieszka Pietrucha Klasa VI &#8211; mgr Krystyna Sowa Klasa VII &#8211; mgr Barbara Urban Klasa VIII &#8211; mgr Krystyna [&hellip;]","og_url":"https:\/\/www.spnborek.ostnet.pl\/index.php\/53-2\/","og_site_name":"Szko\u0142a Podstawowa w Nowym Borku","article_publisher":"https:\/\/www.facebook.com\/SzkolaPodstawowawNowymBorku\/","article_modified_time":"2025-09-01T20:56:14+00:00","twitter_card":"summary_large_image","twitter_misc":{"Szacowany czas czytania":"2 minuty"},"schema":{"@context":"https:\/\/schema.org","@graph":[{"@type":"WebPage","@id":"https:\/\/www.spnborek.ostnet.pl\/index.php\/53-2\/","url":"https:\/\/www.spnborek.ostnet.pl\/index.php\/53-2\/","name":"Grono Pedagogiczne - Szko\u0142a Podstawowa w Nowym Borku","isPartOf":{"@id":"https:\/\/www.spnborek.ostnet.pl\/#website"},"datePublished":"2020-01-17T21:32:20+00:00","dateModified":"2025-09-01T20:56:14+00:00","breadcrumb":{"@id":"https:\/\/www.spnborek.ostnet.pl\/index.php\/53-2\/#breadcrumb"},"inLanguage":"pl-PL","potentialAction":[{"@type":"ReadAction","target":["https:\/\/www.spnborek.ostnet.pl\/index.php\/53-2\/"]}]},{"@type":"BreadcrumbList","@id":"https:\/\/www.spnborek.ostnet.pl\/index.php\/53-2\/#breadcrumb","itemListElement":[{"@type":"ListItem","position":1,"name":"Strona g\u0142\u00f3wna","item":"https:\/\/www.spnborek.ostnet.pl\/"},{"@type":"ListItem","position":2,"name":"Grono Pedagogiczne"}]},{"@type":"WebSite","@id":"https:\/\/www.spnborek.ostnet.pl\/#website","url":"https:\/\/www.spnborek.ostnet.pl\/","name":"Szko\u0142a Podstawowa w Nowym Borku","description":"Szko\u0142a Podstawowa w Nowym Borku im. gen. bryg. Mieczys\u0142awa Boruty-Spiechowicza","publisher":{"@id":"https:\/\/www.spnborek.ostnet.pl\/#organization"},"potentialAction":[{"@type":"SearchAction","target":{"@type":"EntryPoint","urlTemplate":"https:\/\/www.spnborek.ostnet.pl\/?s={search_term_string}"},"query-input":"required name=search_term_string"}],"inLanguage":"pl-PL"},{"@type":"Organization","@id":"https:\/\/www.spnborek.ostnet.pl\/#organization","name":"Szko\u0142a Podstawowa w Nowym Borku","url":"https:\/\/www.spnborek.ostnet.pl\/","logo":{"@type":"ImageObject","inLanguage":"pl-PL","@id":"https:\/\/www.spnborek.ostnet.pl\/#\/schema\/logo\/image\/","url":"https:\/\/www.spnborek.ostnet.pl\/wp-content\/uploads\/2020\/01\/logo-2-e1579378838968.png","contentUrl":"https:\/\/www.spnborek.ostnet.pl\/wp-content\/uploads\/2020\/01\/logo-2-e1579378838968.png","width":80,"height":75,"caption":"Szko\u0142a Podstawowa w Nowym Borku"},"image":{"@id":"https:\/\/www.spnborek.ostnet.pl\/#\/schema\/logo\/image\/"},"sameAs":["https:\/\/www.facebook.com\/SzkolaPodstawowawNowymBorku\/"]}]}},"_links":{"self":[{"href":"https:\/\/www.spnborek.ostnet.pl\/index.php\/wp-json\/wp\/v2\/pages\/53","targetHints":{"allow":["GET"]}}],"collection":[{"href":"https:\/\/www.spnborek.ostnet.pl\/index.php\/wp-json\/wp\/v2\/pages"}],"about":[{"href":"https:\/\/www.spnborek.ostnet.pl\/index.php\/wp-json\/wp\/v2\/types\/page"}],"author":[{"embeddable":true,"href":"https:\/\/www.spnborek.ostnet.pl\/index.php\/wp-json\/wp\/v2\/users\/1"}],"replies":[{"embeddable":true,"href":"https:\/\/www.spnborek.ostnet.pl\/index.php\/wp-json\/wp\/v2\/comments?post=53"}],"version-history":[{"count":27,"href":"https:\/\/www.spnborek.ostnet.pl\/index.php\/wp-json\/wp\/v2\/pages\/53\/revisions"}],"predecessor-version":[{"id":3016,"href":"https:\/\/www.spnborek.ostnet.pl\/index.php\/wp-json\/wp\/v2\/pages\/53\/revisions\/3016"}],"wp:attachment":[{"href":"https:\/\/www.spnborek.ostnet.pl\/index.php\/wp-json\/wp\/v2\/media?parent=53"}],"curies":[{"name":"wp","href":"https:\/\/api.w.org\/{rel}","templated":true}]}}