{"id":329,"date":"2020-01-30T09:11:24","date_gmt":"2020-01-30T08:11:24","guid":{"rendered":"https:\/\/www.spnborek.ostnet.pl\/?page_id=329"},"modified":"2024-09-23T19:36:04","modified_gmt":"2024-09-23T17:36:04","slug":"dni-dodatkowo-wolne","status":"publish","type":"page","link":"https:\/\/www.spnborek.ostnet.pl\/index.php\/dni-dodatkowo-wolne\/","title":{"rendered":"Dni dodatkowo wolne"},"content":{"rendered":"<p>&nbsp;<\/p>\n<p><a href=\"https:\/\/www.spnborek.ostnet.pl\/wp-content\/uploads\/2024\/09\/Blue-and-Green-Illustrative-School-Infographic.png\"><img loading=\"lazy\" decoding=\"async\" class=\"aligncenter size-full wp-image-2794\" src=\"https:\/\/www.spnborek.ostnet.pl\/wp-content\/uploads\/2024\/09\/Blue-and-Green-Illustrative-School-Infographic.png\" alt=\"\" width=\"800\" height=\"2000\" srcset=\"https:\/\/www.spnborek.ostnet.pl\/wp-content\/uploads\/2024\/09\/Blue-and-Green-Illustrative-School-Infographic.png 800w, https:\/\/www.spnborek.ostnet.pl\/wp-content\/uploads\/2024\/09\/Blue-and-Green-Illustrative-School-Infographic-120x300.png 120w, https:\/\/www.spnborek.ostnet.pl\/wp-content\/uploads\/2024\/09\/Blue-and-Green-Illustrative-School-Infographic-410x1024.png 410w, https:\/\/www.spnborek.ostnet.pl\/wp-content\/uploads\/2024\/09\/Blue-and-Green-Illustrative-School-Infographic-768x1920.png 768w, https:\/\/www.spnborek.ostnet.pl\/wp-content\/uploads\/2024\/09\/Blue-and-Green-Illustrative-School-Infographic-614x1536.png 614w, https:\/\/www.spnborek.ostnet.pl\/wp-content\/uploads\/2024\/09\/Blue-and-Green-Illustrative-School-Infographic-154x385.png 154w, https:\/\/www.spnborek.ostnet.pl\/wp-content\/uploads\/2024\/09\/Blue-and-Green-Illustrative-School-Infographic-82x204.png 82w\" sizes=\"auto, (max-width: 800px) 100vw, 800px\" \/><\/a><\/p>\n<p>&nbsp;<\/p>\n","protected":false},"excerpt":{"rendered":"<p>&nbsp; &nbsp;<\/p>\n","protected":false},"author":1,"featured_media":0,"parent":0,"menu_order":0,"comment_status":"closed","ping_status":"closed","template":"","meta":{"ngg_post_thumbnail":0,"footnotes":""},"class_list":["post-329","page","type-page","status-publish","hentry"],"yoast_head":"<!-- This site is optimized with the Yoast SEO plugin v22.5 - https:\/\/yoast.com\/wordpress\/plugins\/seo\/ -->\n<title>Dni dodatkowo wolne - Szko\u0142a Podstawowa w Nowym Borku<\/title>\n<meta name=\"robots\" content=\"index, follow, max-snippet:-1, max-image-preview:large, max-video-preview:-1\" \/>\n<link rel=\"canonical\" href=\"https:\/\/www.spnborek.ostnet.pl\/index.php\/dni-dodatkowo-wolne\/\" \/>\n<meta property=\"og:locale\" content=\"pl_PL\" \/>\n<meta property=\"og:type\" content=\"article\" \/>\n<meta property=\"og:title\" content=\"Dni dodatkowo wolne - Szko\u0142a Podstawowa w Nowym Borku\" \/>\n<meta property=\"og:description\" content=\"&nbsp; &nbsp;\" \/>\n<meta property=\"og:url\" content=\"https:\/\/www.spnborek.ostnet.pl\/index.php\/dni-dodatkowo-wolne\/\" \/>\n<meta property=\"og:site_name\" content=\"Szko\u0142a Podstawowa w Nowym Borku\" \/>\n<meta property=\"article:publisher\" content=\"https:\/\/www.facebook.com\/SzkolaPodstawowawNowymBorku\/\" \/>\n<meta property=\"article:modified_time\" content=\"2024-09-23T17:36:04+00:00\" \/>\n<meta property=\"og:image\" content=\"https:\/\/www.spnborek.ostnet.pl\/wp-content\/uploads\/2024\/09\/Blue-and-Green-Illustrative-School-Infographic.png\" \/>\n<meta name=\"twitter:card\" content=\"summary_large_image\" \/>\n<meta name=\"twitter:label1\" content=\"Szacowany czas czytania\" \/>\n\t<meta name=\"twitter:data1\" content=\"1 minuta\" \/>\n<script type=\"application\/ld+json\" class=\"yoast-schema-graph\">{\"@context\":\"https:\/\/schema.org\",\"@graph\":[{\"@type\":\"WebPage\",\"@id\":\"https:\/\/www.spnborek.ostnet.pl\/index.php\/dni-dodatkowo-wolne\/\",\"url\":\"https:\/\/www.spnborek.ostnet.pl\/index.php\/dni-dodatkowo-wolne\/\",\"name\":\"Dni dodatkowo wolne - Szko\u0142a Podstawowa w Nowym Borku\",\"isPartOf\":{\"@id\":\"https:\/\/www.spnborek.ostnet.pl\/#website\"},\"primaryImageOfPage\":{\"@id\":\"https:\/\/www.spnborek.ostnet.pl\/index.php\/dni-dodatkowo-wolne\/#primaryimage\"},\"image\":{\"@id\":\"https:\/\/www.spnborek.ostnet.pl\/index.php\/dni-dodatkowo-wolne\/#primaryimage\"},\"thumbnailUrl\":\"https:\/\/www.spnborek.ostnet.pl\/wp-content\/uploads\/2024\/09\/Blue-and-Green-Illustrative-School-Infographic.png\",\"datePublished\":\"2020-01-30T08:11:24+00:00\",\"dateModified\":\"2024-09-23T17:36:04+00:00\",\"breadcrumb\":{\"@id\":\"https:\/\/www.spnborek.ostnet.pl\/index.php\/dni-dodatkowo-wolne\/#breadcrumb\"},\"inLanguage\":\"pl-PL\",\"potentialAction\":[{\"@type\":\"ReadAction\",\"target\":[\"https:\/\/www.spnborek.ostnet.pl\/index.php\/dni-dodatkowo-wolne\/\"]}]},{\"@type\":\"ImageObject\",\"inLanguage\":\"pl-PL\",\"@id\":\"https:\/\/www.spnborek.ostnet.pl\/index.php\/dni-dodatkowo-wolne\/#primaryimage\",\"url\":\"https:\/\/www.spnborek.ostnet.pl\/wp-content\/uploads\/2024\/09\/Blue-and-Green-Illustrative-School-Infographic.png\",\"contentUrl\":\"https:\/\/www.spnborek.ostnet.pl\/wp-content\/uploads\/2024\/09\/Blue-and-Green-Illustrative-School-Infographic.png\"},{\"@type\":\"BreadcrumbList\",\"@id\":\"https:\/\/www.spnborek.ostnet.pl\/index.php\/dni-dodatkowo-wolne\/#breadcrumb\",\"itemListElement\":[{\"@type\":\"ListItem\",\"position\":1,\"name\":\"Strona g\u0142\u00f3wna\",\"item\":\"https:\/\/www.spnborek.ostnet.pl\/\"},{\"@type\":\"ListItem\",\"position\":2,\"name\":\"Dni dodatkowo wolne\"}]},{\"@type\":\"WebSite\",\"@id\":\"https:\/\/www.spnborek.ostnet.pl\/#website\",\"url\":\"https:\/\/www.spnborek.ostnet.pl\/\",\"name\":\"Szko\u0142a Podstawowa w Nowym Borku\",\"description\":\"Szko\u0142a Podstawowa w Nowym Borku im. gen. bryg. Mieczys\u0142awa Boruty-Spiechowicza\",\"publisher\":{\"@id\":\"https:\/\/www.spnborek.ostnet.pl\/#organization\"},\"potentialAction\":[{\"@type\":\"SearchAction\",\"target\":{\"@type\":\"EntryPoint\",\"urlTemplate\":\"https:\/\/www.spnborek.ostnet.pl\/?s={search_term_string}\"},\"query-input\":\"required name=search_term_string\"}],\"inLanguage\":\"pl-PL\"},{\"@type\":\"Organization\",\"@id\":\"https:\/\/www.spnborek.ostnet.pl\/#organization\",\"name\":\"Szko\u0142a Podstawowa w Nowym Borku\",\"url\":\"https:\/\/www.spnborek.ostnet.pl\/\",\"logo\":{\"@type\":\"ImageObject\",\"inLanguage\":\"pl-PL\",\"@id\":\"https:\/\/www.spnborek.ostnet.pl\/#\/schema\/logo\/image\/\",\"url\":\"https:\/\/www.spnborek.ostnet.pl\/wp-content\/uploads\/2020\/01\/logo-2-e1579378838968.png\",\"contentUrl\":\"https:\/\/www.spnborek.ostnet.pl\/wp-content\/uploads\/2020\/01\/logo-2-e1579378838968.png\",\"width\":80,\"height\":75,\"caption\":\"Szko\u0142a Podstawowa w Nowym Borku\"},\"image\":{\"@id\":\"https:\/\/www.spnborek.ostnet.pl\/#\/schema\/logo\/image\/\"},\"sameAs\":[\"https:\/\/www.facebook.com\/SzkolaPodstawowawNowymBorku\/\"]}]}<\/script>\n<!-- \/ Yoast SEO plugin. -->","yoast_head_json":{"title":"Dni dodatkowo wolne - Szko\u0142a Podstawowa w Nowym Borku","robots":{"index":"index","follow":"follow","max-snippet":"max-snippet:-1","max-image-preview":"max-image-preview:large","max-video-preview":"max-video-preview:-1"},"canonical":"https:\/\/www.spnborek.ostnet.pl\/index.php\/dni-dodatkowo-wolne\/","og_locale":"pl_PL","og_type":"article","og_title":"Dni dodatkowo wolne - Szko\u0142a Podstawowa w Nowym Borku","og_description":"&nbsp; &nbsp;","og_url":"https:\/\/www.spnborek.ostnet.pl\/index.php\/dni-dodatkowo-wolne\/","og_site_name":"Szko\u0142a Podstawowa w Nowym Borku","article_publisher":"https:\/\/www.facebook.com\/SzkolaPodstawowawNowymBorku\/","article_modified_time":"2024-09-23T17:36:04+00:00","og_image":[{"url":"https:\/\/www.spnborek.ostnet.pl\/wp-content\/uploads\/2024\/09\/Blue-and-Green-Illustrative-School-Infographic.png"}],"twitter_card":"summary_large_image","twitter_misc":{"Szacowany czas czytania":"1 minuta"},"schema":{"@context":"https:\/\/schema.org","@graph":[{"@type":"WebPage","@id":"https:\/\/www.spnborek.ostnet.pl\/index.php\/dni-dodatkowo-wolne\/","url":"https:\/\/www.spnborek.ostnet.pl\/index.php\/dni-dodatkowo-wolne\/","name":"Dni dodatkowo wolne - Szko\u0142a Podstawowa w Nowym Borku","isPartOf":{"@id":"https:\/\/www.spnborek.ostnet.pl\/#website"},"primaryImageOfPage":{"@id":"https:\/\/www.spnborek.ostnet.pl\/index.php\/dni-dodatkowo-wolne\/#primaryimage"},"image":{"@id":"https:\/\/www.spnborek.ostnet.pl\/index.php\/dni-dodatkowo-wolne\/#primaryimage"},"thumbnailUrl":"https:\/\/www.spnborek.ostnet.pl\/wp-content\/uploads\/2024\/09\/Blue-and-Green-Illustrative-School-Infographic.png","datePublished":"2020-01-30T08:11:24+00:00","dateModified":"2024-09-23T17:36:04+00:00","breadcrumb":{"@id":"https:\/\/www.spnborek.ostnet.pl\/index.php\/dni-dodatkowo-wolne\/#breadcrumb"},"inLanguage":"pl-PL","potentialAction":[{"@type":"ReadAction","target":["https:\/\/www.spnborek.ostnet.pl\/index.php\/dni-dodatkowo-wolne\/"]}]},{"@type":"ImageObject","inLanguage":"pl-PL","@id":"https:\/\/www.spnborek.ostnet.pl\/index.php\/dni-dodatkowo-wolne\/#primaryimage","url":"https:\/\/www.spnborek.ostnet.pl\/wp-content\/uploads\/2024\/09\/Blue-and-Green-Illustrative-School-Infographic.png","contentUrl":"https:\/\/www.spnborek.ostnet.pl\/wp-content\/uploads\/2024\/09\/Blue-and-Green-Illustrative-School-Infographic.png"},{"@type":"BreadcrumbList","@id":"https:\/\/www.spnborek.ostnet.pl\/index.php\/dni-dodatkowo-wolne\/#breadcrumb","itemListElement":[{"@type":"ListItem","position":1,"name":"Strona g\u0142\u00f3wna","item":"https:\/\/www.spnborek.ostnet.pl\/"},{"@type":"ListItem","position":2,"name":"Dni dodatkowo wolne"}]},{"@type":"WebSite","@id":"https:\/\/www.spnborek.ostnet.pl\/#website","url":"https:\/\/www.spnborek.ostnet.pl\/","name":"Szko\u0142a Podstawowa w Nowym Borku","description":"Szko\u0142a Podstawowa w Nowym Borku im. gen. bryg. Mieczys\u0142awa Boruty-Spiechowicza","publisher":{"@id":"https:\/\/www.spnborek.ostnet.pl\/#organization"},"potentialAction":[{"@type":"SearchAction","target":{"@type":"EntryPoint","urlTemplate":"https:\/\/www.spnborek.ostnet.pl\/?s={search_term_string}"},"query-input":"required name=search_term_string"}],"inLanguage":"pl-PL"},{"@type":"Organization","@id":"https:\/\/www.spnborek.ostnet.pl\/#organization","name":"Szko\u0142a Podstawowa w Nowym Borku","url":"https:\/\/www.spnborek.ostnet.pl\/","logo":{"@type":"ImageObject","inLanguage":"pl-PL","@id":"https:\/\/www.spnborek.ostnet.pl\/#\/schema\/logo\/image\/","url":"https:\/\/www.spnborek.ostnet.pl\/wp-content\/uploads\/2020\/01\/logo-2-e1579378838968.png","contentUrl":"https:\/\/www.spnborek.ostnet.pl\/wp-content\/uploads\/2020\/01\/logo-2-e1579378838968.png","width":80,"height":75,"caption":"Szko\u0142a Podstawowa w Nowym Borku"},"image":{"@id":"https:\/\/www.spnborek.ostnet.pl\/#\/schema\/logo\/image\/"},"sameAs":["https:\/\/www.facebook.com\/SzkolaPodstawowawNowymBorku\/"]}]}},"_links":{"self":[{"href":"https:\/\/www.spnborek.ostnet.pl\/index.php\/wp-json\/wp\/v2\/pages\/329","targetHints":{"allow":["GET"]}}],"collection":[{"href":"https:\/\/www.spnborek.ostnet.pl\/index.php\/wp-json\/wp\/v2\/pages"}],"about":[{"href":"https:\/\/www.spnborek.ostnet.pl\/index.php\/wp-json\/wp\/v2\/types\/page"}],"author":[{"embeddable":true,"href":"https:\/\/www.spnborek.ostnet.pl\/index.php\/wp-json\/wp\/v2\/users\/1"}],"replies":[{"embeddable":true,"href":"https:\/\/www.spnborek.ostnet.pl\/index.php\/wp-json\/wp\/v2\/comments?post=329"}],"version-history":[{"count":24,"href":"https:\/\/www.spnborek.ostnet.pl\/index.php\/wp-json\/wp\/v2\/pages\/329\/revisions"}],"predecessor-version":[{"id":2795,"href":"https:\/\/www.spnborek.ostnet.pl\/index.php\/wp-json\/wp\/v2\/pages\/329\/revisions\/2795"}],"wp:attachment":[{"href":"https:\/\/www.spnborek.ostnet.pl\/index.php\/wp-json\/wp\/v2\/media?parent=329"}],"curies":[{"name":"wp","href":"https:\/\/api.w.org\/{rel}","templated":true}]}}