{"id":31,"date":"2020-01-17T22:10:39","date_gmt":"2020-01-17T21:10:39","guid":{"rendered":"https:\/\/www.spnborek.ostnet.pl\/?page_id=31"},"modified":"2020-01-17T22:10:39","modified_gmt":"2020-01-17T21:10:39","slug":"hymn-szkoly","status":"publish","type":"page","link":"https:\/\/www.spnborek.ostnet.pl\/index.php\/hymn-szkoly\/","title":{"rendered":"Hymn Szko\u0142y"},"content":{"rendered":"<p>WSPOMNIENIE (Nie pami\u0119tasz &#8230;)<\/p>\n<p>Nie pami\u0119tasz bo nie mo\u017cesz<br \/>\nBy\u0142e\u015b wtedy ma\u0142ym ch\u0142opcem<br \/>\nGdy tw\u00f3j ojciec z karabinem szed\u0142 na b\u00f3j<\/p>\n<p>Ref.: W\u015br\u00f3d wystrza\u0142\u00f3w, huk\u00f3w bomb<\/p>\n<p>Broni\u0142 on ojczyzn\u0119 sw\u0105<br \/>\nBy\u015b m\u00f3g\u0142 teraz wybudowa\u0107<br \/>\nNowy dom, Ojczyzn\u0119 sw\u0105.<\/p>\n<p>Patrzysz w niebo widzisz b\u0142\u0119kit<br \/>\ni lec\u0105cy sznur \u0142ab\u0119dzi<br \/>\ni do szko\u0142y zn\u00f3w spokojnie mo\u017cesz i\u015b\u0107<\/p>\n<p>Ref. Ala wtedy, ale wtedy<\/p>\n<p>zamiast bia\u0142ych \u0142ab\u0119dzi<br \/>\nczarne skrzyd\u0142a samolot\u00f3w<br \/>\ni huk bomb wystrza\u0142y bomb<\/p>\n<p>My nie chcemy wi\u0119cej wojny<br \/>\nChcemy \u017cy\u0107 \u017cyciem spokojnym<br \/>\nTak jak d\u0142ugi i szeroki jest ten \u015bwiat<\/p>\n<p>Ref: Chcemy pok\u00f3j stworzy\u0107 wsz\u0119dzie<\/p>\n<p>wojna niech legend\u0105 b\u0119dzie<br \/>\nszcz\u0119\u015bcie, rado\u015b\u0107 niech okryje<br \/>\nca\u0142y \u015bwiat, ca\u0142y \u015bwiat.<\/p>\n<p>&nbsp;<\/p>\n","protected":false},"excerpt":{"rendered":"<p>WSPOMNIENIE (Nie pami\u0119tasz &#8230;) Nie pami\u0119tasz bo nie mo\u017cesz By\u0142e\u015b wtedy ma\u0142ym ch\u0142opcem Gdy tw\u00f3j ojciec z karabinem szed\u0142 na b\u00f3j Ref.: W\u015br\u00f3d wystrza\u0142\u00f3w, huk\u00f3w bomb Broni\u0142 on ojczyzn\u0119 sw\u0105 By\u015b m\u00f3g\u0142 teraz wybudowa\u0107 Nowy dom, Ojczyzn\u0119 sw\u0105. Patrzysz w niebo widzisz b\u0142\u0119kit i lec\u0105cy sznur \u0142ab\u0119dzi i do szko\u0142y zn\u00f3w spokojnie mo\u017cesz i\u015b\u0107 Ref. [&hellip;]<\/p>\n","protected":false},"author":1,"featured_media":0,"parent":0,"menu_order":0,"comment_status":"closed","ping_status":"closed","template":"","meta":{"ngg_post_thumbnail":0,"footnotes":""},"class_list":["post-31","page","type-page","status-publish","hentry"],"yoast_head":"<!-- This site is optimized with the Yoast SEO plugin v22.5 - https:\/\/yoast.com\/wordpress\/plugins\/seo\/ -->\n<title>Hymn Szko\u0142y - Szko\u0142a Podstawowa w Nowym Borku<\/title>\n<meta name=\"robots\" content=\"index, follow, max-snippet:-1, max-image-preview:large, max-video-preview:-1\" \/>\n<link rel=\"canonical\" href=\"https:\/\/www.spnborek.ostnet.pl\/index.php\/hymn-szkoly\/\" \/>\n<meta property=\"og:locale\" content=\"pl_PL\" \/>\n<meta property=\"og:type\" content=\"article\" \/>\n<meta property=\"og:title\" content=\"Hymn Szko\u0142y - Szko\u0142a Podstawowa w Nowym Borku\" \/>\n<meta property=\"og:description\" content=\"WSPOMNIENIE (Nie pami\u0119tasz &#8230;) Nie pami\u0119tasz bo nie mo\u017cesz By\u0142e\u015b wtedy ma\u0142ym ch\u0142opcem Gdy tw\u00f3j ojciec z karabinem szed\u0142 na b\u00f3j Ref.: W\u015br\u00f3d wystrza\u0142\u00f3w, huk\u00f3w bomb Broni\u0142 on ojczyzn\u0119 sw\u0105 By\u015b m\u00f3g\u0142 teraz wybudowa\u0107 Nowy dom, Ojczyzn\u0119 sw\u0105. Patrzysz w niebo widzisz b\u0142\u0119kit i lec\u0105cy sznur \u0142ab\u0119dzi i do szko\u0142y zn\u00f3w spokojnie mo\u017cesz i\u015b\u0107 Ref. [&hellip;]\" \/>\n<meta property=\"og:url\" content=\"https:\/\/www.spnborek.ostnet.pl\/index.php\/hymn-szkoly\/\" \/>\n<meta property=\"og:site_name\" content=\"Szko\u0142a Podstawowa w Nowym Borku\" \/>\n<meta property=\"article:publisher\" content=\"https:\/\/www.facebook.com\/SzkolaPodstawowawNowymBorku\/\" \/>\n<meta name=\"twitter:card\" content=\"summary_large_image\" \/>\n<meta name=\"twitter:label1\" content=\"Szacowany czas czytania\" \/>\n\t<meta name=\"twitter:data1\" content=\"1 minuta\" \/>\n<script type=\"application\/ld+json\" class=\"yoast-schema-graph\">{\"@context\":\"https:\/\/schema.org\",\"@graph\":[{\"@type\":\"WebPage\",\"@id\":\"https:\/\/www.spnborek.ostnet.pl\/index.php\/hymn-szkoly\/\",\"url\":\"https:\/\/www.spnborek.ostnet.pl\/index.php\/hymn-szkoly\/\",\"name\":\"Hymn Szko\u0142y - Szko\u0142a Podstawowa w Nowym Borku\",\"isPartOf\":{\"@id\":\"https:\/\/www.spnborek.ostnet.pl\/#website\"},\"datePublished\":\"2020-01-17T21:10:39+00:00\",\"dateModified\":\"2020-01-17T21:10:39+00:00\",\"breadcrumb\":{\"@id\":\"https:\/\/www.spnborek.ostnet.pl\/index.php\/hymn-szkoly\/#breadcrumb\"},\"inLanguage\":\"pl-PL\",\"potentialAction\":[{\"@type\":\"ReadAction\",\"target\":[\"https:\/\/www.spnborek.ostnet.pl\/index.php\/hymn-szkoly\/\"]}]},{\"@type\":\"BreadcrumbList\",\"@id\":\"https:\/\/www.spnborek.ostnet.pl\/index.php\/hymn-szkoly\/#breadcrumb\",\"itemListElement\":[{\"@type\":\"ListItem\",\"position\":1,\"name\":\"Strona g\u0142\u00f3wna\",\"item\":\"https:\/\/www.spnborek.ostnet.pl\/\"},{\"@type\":\"ListItem\",\"position\":2,\"name\":\"Hymn Szko\u0142y\"}]},{\"@type\":\"WebSite\",\"@id\":\"https:\/\/www.spnborek.ostnet.pl\/#website\",\"url\":\"https:\/\/www.spnborek.ostnet.pl\/\",\"name\":\"Szko\u0142a Podstawowa w Nowym Borku\",\"description\":\"Szko\u0142a Podstawowa w Nowym Borku im. gen. bryg. Mieczys\u0142awa Boruty-Spiechowicza\",\"publisher\":{\"@id\":\"https:\/\/www.spnborek.ostnet.pl\/#organization\"},\"potentialAction\":[{\"@type\":\"SearchAction\",\"target\":{\"@type\":\"EntryPoint\",\"urlTemplate\":\"https:\/\/www.spnborek.ostnet.pl\/?s={search_term_string}\"},\"query-input\":\"required name=search_term_string\"}],\"inLanguage\":\"pl-PL\"},{\"@type\":\"Organization\",\"@id\":\"https:\/\/www.spnborek.ostnet.pl\/#organization\",\"name\":\"Szko\u0142a Podstawowa w Nowym Borku\",\"url\":\"https:\/\/www.spnborek.ostnet.pl\/\",\"logo\":{\"@type\":\"ImageObject\",\"inLanguage\":\"pl-PL\",\"@id\":\"https:\/\/www.spnborek.ostnet.pl\/#\/schema\/logo\/image\/\",\"url\":\"https:\/\/www.spnborek.ostnet.pl\/wp-content\/uploads\/2020\/01\/logo-2-e1579378838968.png\",\"contentUrl\":\"https:\/\/www.spnborek.ostnet.pl\/wp-content\/uploads\/2020\/01\/logo-2-e1579378838968.png\",\"width\":80,\"height\":75,\"caption\":\"Szko\u0142a Podstawowa w Nowym Borku\"},\"image\":{\"@id\":\"https:\/\/www.spnborek.ostnet.pl\/#\/schema\/logo\/image\/\"},\"sameAs\":[\"https:\/\/www.facebook.com\/SzkolaPodstawowawNowymBorku\/\"]}]}<\/script>\n<!-- \/ Yoast SEO plugin. -->","yoast_head_json":{"title":"Hymn Szko\u0142y - Szko\u0142a Podstawowa w Nowym Borku","robots":{"index":"index","follow":"follow","max-snippet":"max-snippet:-1","max-image-preview":"max-image-preview:large","max-video-preview":"max-video-preview:-1"},"canonical":"https:\/\/www.spnborek.ostnet.pl\/index.php\/hymn-szkoly\/","og_locale":"pl_PL","og_type":"article","og_title":"Hymn Szko\u0142y - Szko\u0142a Podstawowa w Nowym Borku","og_description":"WSPOMNIENIE (Nie pami\u0119tasz &#8230;) Nie pami\u0119tasz bo nie mo\u017cesz By\u0142e\u015b wtedy ma\u0142ym ch\u0142opcem Gdy tw\u00f3j ojciec z karabinem szed\u0142 na b\u00f3j Ref.: W\u015br\u00f3d wystrza\u0142\u00f3w, huk\u00f3w bomb Broni\u0142 on ojczyzn\u0119 sw\u0105 By\u015b m\u00f3g\u0142 teraz wybudowa\u0107 Nowy dom, Ojczyzn\u0119 sw\u0105. Patrzysz w niebo widzisz b\u0142\u0119kit i lec\u0105cy sznur \u0142ab\u0119dzi i do szko\u0142y zn\u00f3w spokojnie mo\u017cesz i\u015b\u0107 Ref. [&hellip;]","og_url":"https:\/\/www.spnborek.ostnet.pl\/index.php\/hymn-szkoly\/","og_site_name":"Szko\u0142a Podstawowa w Nowym Borku","article_publisher":"https:\/\/www.facebook.com\/SzkolaPodstawowawNowymBorku\/","twitter_card":"summary_large_image","twitter_misc":{"Szacowany czas czytania":"1 minuta"},"schema":{"@context":"https:\/\/schema.org","@graph":[{"@type":"WebPage","@id":"https:\/\/www.spnborek.ostnet.pl\/index.php\/hymn-szkoly\/","url":"https:\/\/www.spnborek.ostnet.pl\/index.php\/hymn-szkoly\/","name":"Hymn Szko\u0142y - Szko\u0142a Podstawowa w Nowym Borku","isPartOf":{"@id":"https:\/\/www.spnborek.ostnet.pl\/#website"},"datePublished":"2020-01-17T21:10:39+00:00","dateModified":"2020-01-17T21:10:39+00:00","breadcrumb":{"@id":"https:\/\/www.spnborek.ostnet.pl\/index.php\/hymn-szkoly\/#breadcrumb"},"inLanguage":"pl-PL","potentialAction":[{"@type":"ReadAction","target":["https:\/\/www.spnborek.ostnet.pl\/index.php\/hymn-szkoly\/"]}]},{"@type":"BreadcrumbList","@id":"https:\/\/www.spnborek.ostnet.pl\/index.php\/hymn-szkoly\/#breadcrumb","itemListElement":[{"@type":"ListItem","position":1,"name":"Strona g\u0142\u00f3wna","item":"https:\/\/www.spnborek.ostnet.pl\/"},{"@type":"ListItem","position":2,"name":"Hymn Szko\u0142y"}]},{"@type":"WebSite","@id":"https:\/\/www.spnborek.ostnet.pl\/#website","url":"https:\/\/www.spnborek.ostnet.pl\/","name":"Szko\u0142a Podstawowa w Nowym Borku","description":"Szko\u0142a Podstawowa w Nowym Borku im. gen. bryg. Mieczys\u0142awa Boruty-Spiechowicza","publisher":{"@id":"https:\/\/www.spnborek.ostnet.pl\/#organization"},"potentialAction":[{"@type":"SearchAction","target":{"@type":"EntryPoint","urlTemplate":"https:\/\/www.spnborek.ostnet.pl\/?s={search_term_string}"},"query-input":"required name=search_term_string"}],"inLanguage":"pl-PL"},{"@type":"Organization","@id":"https:\/\/www.spnborek.ostnet.pl\/#organization","name":"Szko\u0142a Podstawowa w Nowym Borku","url":"https:\/\/www.spnborek.ostnet.pl\/","logo":{"@type":"ImageObject","inLanguage":"pl-PL","@id":"https:\/\/www.spnborek.ostnet.pl\/#\/schema\/logo\/image\/","url":"https:\/\/www.spnborek.ostnet.pl\/wp-content\/uploads\/2020\/01\/logo-2-e1579378838968.png","contentUrl":"https:\/\/www.spnborek.ostnet.pl\/wp-content\/uploads\/2020\/01\/logo-2-e1579378838968.png","width":80,"height":75,"caption":"Szko\u0142a Podstawowa w Nowym Borku"},"image":{"@id":"https:\/\/www.spnborek.ostnet.pl\/#\/schema\/logo\/image\/"},"sameAs":["https:\/\/www.facebook.com\/SzkolaPodstawowawNowymBorku\/"]}]}},"_links":{"self":[{"href":"https:\/\/www.spnborek.ostnet.pl\/index.php\/wp-json\/wp\/v2\/pages\/31","targetHints":{"allow":["GET"]}}],"collection":[{"href":"https:\/\/www.spnborek.ostnet.pl\/index.php\/wp-json\/wp\/v2\/pages"}],"about":[{"href":"https:\/\/www.spnborek.ostnet.pl\/index.php\/wp-json\/wp\/v2\/types\/page"}],"author":[{"embeddable":true,"href":"https:\/\/www.spnborek.ostnet.pl\/index.php\/wp-json\/wp\/v2\/users\/1"}],"replies":[{"embeddable":true,"href":"https:\/\/www.spnborek.ostnet.pl\/index.php\/wp-json\/wp\/v2\/comments?post=31"}],"version-history":[{"count":1,"href":"https:\/\/www.spnborek.ostnet.pl\/index.php\/wp-json\/wp\/v2\/pages\/31\/revisions"}],"predecessor-version":[{"id":32,"href":"https:\/\/www.spnborek.ostnet.pl\/index.php\/wp-json\/wp\/v2\/pages\/31\/revisions\/32"}],"wp:attachment":[{"href":"https:\/\/www.spnborek.ostnet.pl\/index.php\/wp-json\/wp\/v2\/media?parent=31"}],"curies":[{"name":"wp","href":"https:\/\/api.w.org\/{rel}","templated":true}]}}