{"id":1441,"date":"2020-12-05T09:49:47","date_gmt":"2020-12-05T08:49:47","guid":{"rendered":"https:\/\/www.spnborek.ostnet.pl\/?page_id=1441"},"modified":"2020-12-05T10:10:31","modified_gmt":"2020-12-05T09:10:31","slug":"epuap","status":"publish","type":"page","link":"https:\/\/www.spnborek.ostnet.pl\/index.php\/epuap\/","title":{"rendered":"ePUAP"},"content":{"rendered":"<p style=\"text-align: center;\">\/SPNB\/SkrytkaESP<\/p>\n<p style=\"text-align: center;\">Na przedmiotowy adres skrytki u\u017cytkownicy platformy ePUAP b\u0119d\u0105 mogli przesy\u0142a\u0107 korespondencj\u0119, korzystaj\u0105c ze wzoru \u201ePismo og\u00f3lne\u201d udost\u0119pnianego przez us\u0142ug\u0119 powszechn\u0105 o nazwie \u201ePismo og\u00f3lne do podmiotu publicznego\u201d, kt\u00f3ra jest dost\u0119pna dla zalogowanego u\u017cytkownika portalu ePUAP:<br \/>\n&#8211; \u015bcie\u017cka dost\u0119pu: Strona g\u0142\u00f3wna&gt;Najnowsze us\u0142ugi&gt;Pismo og\u00f3lne do podmiotu publicznego.<\/p>\n","protected":false},"excerpt":{"rendered":"<p>\/SPNB\/SkrytkaESP Na przedmiotowy adres skrytki u\u017cytkownicy platformy ePUAP b\u0119d\u0105 mogli przesy\u0142a\u0107 korespondencj\u0119, korzystaj\u0105c ze wzoru \u201ePismo og\u00f3lne\u201d udost\u0119pnianego przez us\u0142ug\u0119 powszechn\u0105 o nazwie \u201ePismo og\u00f3lne do podmiotu publicznego\u201d, kt\u00f3ra jest dost\u0119pna dla zalogowanego u\u017cytkownika portalu ePUAP: &#8211; \u015bcie\u017cka dost\u0119pu: Strona g\u0142\u00f3wna&gt;Najnowsze us\u0142ugi&gt;Pismo og\u00f3lne do podmiotu publicznego.<\/p>\n","protected":false},"author":1,"featured_media":0,"parent":0,"menu_order":0,"comment_status":"closed","ping_status":"closed","template":"","meta":{"ngg_post_thumbnail":0,"footnotes":""},"class_list":["post-1441","page","type-page","status-publish","hentry"],"yoast_head":"<!-- This site is optimized with the Yoast SEO plugin v22.5 - https:\/\/yoast.com\/wordpress\/plugins\/seo\/ -->\n<title>ePUAP - Szko\u0142a Podstawowa w Nowym Borku<\/title>\n<meta name=\"robots\" content=\"index, follow, max-snippet:-1, max-image-preview:large, max-video-preview:-1\" \/>\n<link rel=\"canonical\" href=\"https:\/\/www.spnborek.ostnet.pl\/index.php\/epuap\/\" \/>\n<meta property=\"og:locale\" content=\"pl_PL\" \/>\n<meta property=\"og:type\" content=\"article\" \/>\n<meta property=\"og:title\" content=\"ePUAP - Szko\u0142a Podstawowa w Nowym Borku\" \/>\n<meta property=\"og:description\" content=\"\/SPNB\/SkrytkaESP Na przedmiotowy adres skrytki u\u017cytkownicy platformy ePUAP b\u0119d\u0105 mogli przesy\u0142a\u0107 korespondencj\u0119, korzystaj\u0105c ze wzoru \u201ePismo og\u00f3lne\u201d udost\u0119pnianego przez us\u0142ug\u0119 powszechn\u0105 o nazwie \u201ePismo og\u00f3lne do podmiotu publicznego\u201d, kt\u00f3ra jest dost\u0119pna dla zalogowanego u\u017cytkownika portalu ePUAP: &#8211; \u015bcie\u017cka dost\u0119pu: Strona g\u0142\u00f3wna&gt;Najnowsze us\u0142ugi&gt;Pismo og\u00f3lne do podmiotu publicznego.\" \/>\n<meta property=\"og:url\" content=\"https:\/\/www.spnborek.ostnet.pl\/index.php\/epuap\/\" \/>\n<meta property=\"og:site_name\" content=\"Szko\u0142a Podstawowa w Nowym Borku\" \/>\n<meta property=\"article:publisher\" content=\"https:\/\/www.facebook.com\/SzkolaPodstawowawNowymBorku\/\" \/>\n<meta property=\"article:modified_time\" content=\"2020-12-05T09:10:31+00:00\" \/>\n<meta name=\"twitter:card\" content=\"summary_large_image\" \/>\n<script type=\"application\/ld+json\" class=\"yoast-schema-graph\">{\"@context\":\"https:\/\/schema.org\",\"@graph\":[{\"@type\":\"WebPage\",\"@id\":\"https:\/\/www.spnborek.ostnet.pl\/index.php\/epuap\/\",\"url\":\"https:\/\/www.spnborek.ostnet.pl\/index.php\/epuap\/\",\"name\":\"ePUAP - Szko\u0142a Podstawowa w Nowym Borku\",\"isPartOf\":{\"@id\":\"https:\/\/www.spnborek.ostnet.pl\/#website\"},\"datePublished\":\"2020-12-05T08:49:47+00:00\",\"dateModified\":\"2020-12-05T09:10:31+00:00\",\"breadcrumb\":{\"@id\":\"https:\/\/www.spnborek.ostnet.pl\/index.php\/epuap\/#breadcrumb\"},\"inLanguage\":\"pl-PL\",\"potentialAction\":[{\"@type\":\"ReadAction\",\"target\":[\"https:\/\/www.spnborek.ostnet.pl\/index.php\/epuap\/\"]}]},{\"@type\":\"BreadcrumbList\",\"@id\":\"https:\/\/www.spnborek.ostnet.pl\/index.php\/epuap\/#breadcrumb\",\"itemListElement\":[{\"@type\":\"ListItem\",\"position\":1,\"name\":\"Strona g\u0142\u00f3wna\",\"item\":\"https:\/\/www.spnborek.ostnet.pl\/\"},{\"@type\":\"ListItem\",\"position\":2,\"name\":\"ePUAP\"}]},{\"@type\":\"WebSite\",\"@id\":\"https:\/\/www.spnborek.ostnet.pl\/#website\",\"url\":\"https:\/\/www.spnborek.ostnet.pl\/\",\"name\":\"Szko\u0142a Podstawowa w Nowym Borku\",\"description\":\"Szko\u0142a Podstawowa w Nowym Borku im. gen. bryg. Mieczys\u0142awa Boruty-Spiechowicza\",\"publisher\":{\"@id\":\"https:\/\/www.spnborek.ostnet.pl\/#organization\"},\"potentialAction\":[{\"@type\":\"SearchAction\",\"target\":{\"@type\":\"EntryPoint\",\"urlTemplate\":\"https:\/\/www.spnborek.ostnet.pl\/?s={search_term_string}\"},\"query-input\":\"required name=search_term_string\"}],\"inLanguage\":\"pl-PL\"},{\"@type\":\"Organization\",\"@id\":\"https:\/\/www.spnborek.ostnet.pl\/#organization\",\"name\":\"Szko\u0142a Podstawowa w Nowym Borku\",\"url\":\"https:\/\/www.spnborek.ostnet.pl\/\",\"logo\":{\"@type\":\"ImageObject\",\"inLanguage\":\"pl-PL\",\"@id\":\"https:\/\/www.spnborek.ostnet.pl\/#\/schema\/logo\/image\/\",\"url\":\"https:\/\/www.spnborek.ostnet.pl\/wp-content\/uploads\/2020\/01\/logo-2-e1579378838968.png\",\"contentUrl\":\"https:\/\/www.spnborek.ostnet.pl\/wp-content\/uploads\/2020\/01\/logo-2-e1579378838968.png\",\"width\":80,\"height\":75,\"caption\":\"Szko\u0142a Podstawowa w Nowym Borku\"},\"image\":{\"@id\":\"https:\/\/www.spnborek.ostnet.pl\/#\/schema\/logo\/image\/\"},\"sameAs\":[\"https:\/\/www.facebook.com\/SzkolaPodstawowawNowymBorku\/\"]}]}<\/script>\n<!-- \/ Yoast SEO plugin. -->","yoast_head_json":{"title":"ePUAP - Szko\u0142a Podstawowa w Nowym Borku","robots":{"index":"index","follow":"follow","max-snippet":"max-snippet:-1","max-image-preview":"max-image-preview:large","max-video-preview":"max-video-preview:-1"},"canonical":"https:\/\/www.spnborek.ostnet.pl\/index.php\/epuap\/","og_locale":"pl_PL","og_type":"article","og_title":"ePUAP - Szko\u0142a Podstawowa w Nowym Borku","og_description":"\/SPNB\/SkrytkaESP Na przedmiotowy adres skrytki u\u017cytkownicy platformy ePUAP b\u0119d\u0105 mogli przesy\u0142a\u0107 korespondencj\u0119, korzystaj\u0105c ze wzoru \u201ePismo og\u00f3lne\u201d udost\u0119pnianego przez us\u0142ug\u0119 powszechn\u0105 o nazwie \u201ePismo og\u00f3lne do podmiotu publicznego\u201d, kt\u00f3ra jest dost\u0119pna dla zalogowanego u\u017cytkownika portalu ePUAP: &#8211; \u015bcie\u017cka dost\u0119pu: Strona g\u0142\u00f3wna&gt;Najnowsze us\u0142ugi&gt;Pismo og\u00f3lne do podmiotu publicznego.","og_url":"https:\/\/www.spnborek.ostnet.pl\/index.php\/epuap\/","og_site_name":"Szko\u0142a Podstawowa w Nowym Borku","article_publisher":"https:\/\/www.facebook.com\/SzkolaPodstawowawNowymBorku\/","article_modified_time":"2020-12-05T09:10:31+00:00","twitter_card":"summary_large_image","schema":{"@context":"https:\/\/schema.org","@graph":[{"@type":"WebPage","@id":"https:\/\/www.spnborek.ostnet.pl\/index.php\/epuap\/","url":"https:\/\/www.spnborek.ostnet.pl\/index.php\/epuap\/","name":"ePUAP - Szko\u0142a Podstawowa w Nowym Borku","isPartOf":{"@id":"https:\/\/www.spnborek.ostnet.pl\/#website"},"datePublished":"2020-12-05T08:49:47+00:00","dateModified":"2020-12-05T09:10:31+00:00","breadcrumb":{"@id":"https:\/\/www.spnborek.ostnet.pl\/index.php\/epuap\/#breadcrumb"},"inLanguage":"pl-PL","potentialAction":[{"@type":"ReadAction","target":["https:\/\/www.spnborek.ostnet.pl\/index.php\/epuap\/"]}]},{"@type":"BreadcrumbList","@id":"https:\/\/www.spnborek.ostnet.pl\/index.php\/epuap\/#breadcrumb","itemListElement":[{"@type":"ListItem","position":1,"name":"Strona g\u0142\u00f3wna","item":"https:\/\/www.spnborek.ostnet.pl\/"},{"@type":"ListItem","position":2,"name":"ePUAP"}]},{"@type":"WebSite","@id":"https:\/\/www.spnborek.ostnet.pl\/#website","url":"https:\/\/www.spnborek.ostnet.pl\/","name":"Szko\u0142a Podstawowa w Nowym Borku","description":"Szko\u0142a Podstawowa w Nowym Borku im. gen. bryg. Mieczys\u0142awa Boruty-Spiechowicza","publisher":{"@id":"https:\/\/www.spnborek.ostnet.pl\/#organization"},"potentialAction":[{"@type":"SearchAction","target":{"@type":"EntryPoint","urlTemplate":"https:\/\/www.spnborek.ostnet.pl\/?s={search_term_string}"},"query-input":"required name=search_term_string"}],"inLanguage":"pl-PL"},{"@type":"Organization","@id":"https:\/\/www.spnborek.ostnet.pl\/#organization","name":"Szko\u0142a Podstawowa w Nowym Borku","url":"https:\/\/www.spnborek.ostnet.pl\/","logo":{"@type":"ImageObject","inLanguage":"pl-PL","@id":"https:\/\/www.spnborek.ostnet.pl\/#\/schema\/logo\/image\/","url":"https:\/\/www.spnborek.ostnet.pl\/wp-content\/uploads\/2020\/01\/logo-2-e1579378838968.png","contentUrl":"https:\/\/www.spnborek.ostnet.pl\/wp-content\/uploads\/2020\/01\/logo-2-e1579378838968.png","width":80,"height":75,"caption":"Szko\u0142a Podstawowa w Nowym Borku"},"image":{"@id":"https:\/\/www.spnborek.ostnet.pl\/#\/schema\/logo\/image\/"},"sameAs":["https:\/\/www.facebook.com\/SzkolaPodstawowawNowymBorku\/"]}]}},"_links":{"self":[{"href":"https:\/\/www.spnborek.ostnet.pl\/index.php\/wp-json\/wp\/v2\/pages\/1441","targetHints":{"allow":["GET"]}}],"collection":[{"href":"https:\/\/www.spnborek.ostnet.pl\/index.php\/wp-json\/wp\/v2\/pages"}],"about":[{"href":"https:\/\/www.spnborek.ostnet.pl\/index.php\/wp-json\/wp\/v2\/types\/page"}],"author":[{"embeddable":true,"href":"https:\/\/www.spnborek.ostnet.pl\/index.php\/wp-json\/wp\/v2\/users\/1"}],"replies":[{"embeddable":true,"href":"https:\/\/www.spnborek.ostnet.pl\/index.php\/wp-json\/wp\/v2\/comments?post=1441"}],"version-history":[{"count":4,"href":"https:\/\/www.spnborek.ostnet.pl\/index.php\/wp-json\/wp\/v2\/pages\/1441\/revisions"}],"predecessor-version":[{"id":1447,"href":"https:\/\/www.spnborek.ostnet.pl\/index.php\/wp-json\/wp\/v2\/pages\/1441\/revisions\/1447"}],"wp:attachment":[{"href":"https:\/\/www.spnborek.ostnet.pl\/index.php\/wp-json\/wp\/v2\/media?parent=1441"}],"curies":[{"name":"wp","href":"https:\/\/api.w.org\/{rel}","templated":true}]}}